1. Let j be a(-32). Let q(m) = -8*m**2 + 3*m - 1. Give q(j).
-64
Let q(l) = 20*l**2 + 24*l - 9 - 4*l**2 - 52*l - 18*l**2. Determine q(-14).
-9
Let g(i) be the third derivative of i**5/60 - i**4/24 - i**3/3 - 1128*i**2. Calculate g(0).
-2
Let t(z) = 9*z + 4. Let v(a) be the third derivative of -a**4/12 - a**3/6 - 60*a**2. Let p(x) = t(x) + 2*v(x). Calculate p(-4).
-18
Suppose 0 = -2*i + 4*v - 0*v - 14, 0 = -2*i - 4*v + 2. Let t(u) = -60*u - 1 - 57*u + 121*u - 4 + 3. What is t(i)?
-14
Let g = -39 + 43. Suppose 49 = -g*r + 21. Let d(v) be the second derivative of -v**3/3 - 7*v**2/2 - 27*v. Determine d(r).
7
Let d(u) be the second derivative of -u**5/20 - 5*u**4/6 - 7*u**3/3 - 27*u**2/2 - 4275*u. What is d(-9)?
18
Let z(k) be the second derivative of k**5/20 - k**4/12 + k**2 - 97*k + 2. What is z(-2)?
-10
Suppose a - 3*k + 2*k = -10, k = 2*a + 14. Let u(m) = -m**2 - 9*m. Give u(a).
20
Let f(g) = 3*g**3 + 10*g**2 + 11*g + 21. Let c(d) = 4*d**3 + 15*d**2 + 12*d + 22. Let t(x) = -4*c(x) + 5*f(x). Determine t(-9).
-127
Let f(z) = -z**3 - 7*z**2 - 6*z - 4. Let d(p) = p**3 + 10*p**2 + 22*p + 11. Let b be d(-7). Suppose -2*n = 4*y + 4, -n = -2*n - b*y. What is f(n)?
-28
Let o(v) be the third derivative of v**4/6 - 2*v**3/3 + v**2. Let x(b) = 3*b**2. Let w be (-1)/1 - (-2)/5*5. Let m be x(w). Calculate o(m).
8
Let q(l) = -4*l**2 + 3*l**2 + 9*l**3 - l - 3*l**2 - 10*l**3. Let n(v) = v**2 - 11*v + 4. Let b be n(11). Suppose -2*f + 2 = b*r + r, -f = r + 2. Calculate q(f).
4
Let k be 32692/110 - 2/10. Let a = k + -297. Let r(x) = x**2. Determine r(a).
0
Let s be 0*(7 + 30/(-4)). Suppose 12*g - 22*g - 70 = s. Let o(f) = f**2 + 6*f - 5. What is o(g)?
2
Suppose 9*u - 14*u = 0. Let x(g) be the second derivative of -g**4/12 + g**3/3 + 3*g**2/2 - 8*g + 31. Determine x(u).
3
Let f(i) be the third derivative of i**4/6 + i**3/3 - 3*i**2 - 17. Suppose -37 - 23 = -5*g. Suppose 0*s = 3*s + g. Determine f(s).
-14
Let w = -114 - -116. Let x(m) = -3 + 4*m - m**2 + 20*m**3 + w*m**3 - 21*m**3 - m. Determine x(2).
7
Suppose 2*c - 14 = 6. Suppose -6*d + 12 = -24. Let k(b) = d*b**2 - 7 - b**3 - 9 - 1 + c. Determine k(6).
-7
Let t(p) = -6*p**2 - 43*p + 45. Let n(o) = -o**2 - 9*o + 9. Let h be (-29 + 27)/((3*-1)/3). Let k(y) = h*t(y) - 11*n(y). Calculate k(13).
-9
Let i(l) = -l**3 + 9*l**2 + 7*l + 14. Suppose -21*m + 1227 = -2154. Let j = 171 - m. Determine i(j).
-16
Let v(d) = -2*d**2 - 4. Let r(m) = -9*m**2 - 289*m - 35. Let l be r(-32). Determine v(l).
-22
Let i(l) = -l - 1. Let t(y) = -5*y - 3. Let g(b) = 4*i(b) - t(b). Let x(o) = -o**3 - 68*o**2 - 262*o - 393. Let h be x(-64). Determine g(h).
-10
Let q(y) = 11*y + 394. Let s = 8122 + -8158. Give q(s).
-2
Let z(v) = -26*v**2 + 25*v**2 + 141 - 68 - 4*v - 75. Suppose -25 = -5*t, 5*j - j + 4*t - 20 = 0. Suppose 2*w + 6 = -j*w. What is z(w)?
1
Suppose 2*d + 0*k - 25 = 5*k, 0 = 5*k - 25. Suppose 5*f + d = 0, 5*r - 5*f - 37 = 2*r. Let w(i) = -r*i + i + 2*i - 2 + 0. Calculate w(-8).
6
Let a be (250/15 - 17) + (-8)/(-6). Let v(t) = 7*t**3 + 4*t**2 - 4*t + 2. Determine v(a).
9
Let f(x) = -x**3 + 9*x**2 + 51*x - 9. Suppose -37*q + 302 = -179. Determine f(q).
-22
Suppose -4*r + 1 = -d, -3*d + 5*d - r = 5. Let l(m) = -m**2 - 18*m - 12. Let g(y) = y**2 + 10*y + 7. Let f(q) = 5*g(q) + 3*l(q). Determine f(d).
5
Suppose -p - r - 8 = 0, 0 = -p - 2*p + 2*r + 1. Let a(m) = 29*m**2 - 7*m + 16. Let b(z) = -7*z**2 + z - 4. Let c(y) = -2*a(y) - 9*b(y). What is c(p)?
34
Let m(h) = -3*h - 36. Let s = 913 + -930. Give m(s).
15
Let j(f) be the third derivative of f**4/4 + 3511*f**2. Suppose -1 = -3*o + 2. Give j(o).
6
Suppose 22*z - 93 + 27 = 0. Let f(l) = 4*l**3 - l**2 + 3*l. Calculate f(z).
108
Let b(d) = -d**2 + 3*d. Let n = -543 - -539. Let s be (30/135)/(n/(-72)). What is b(s)?
-4
Let y(f) = 88 - 298*f + 298*f - f**2 - 7*f. What is y(-14)?
-10
Let d(g) = 2*g. Let w be (-4323)/(-198) + 2/12. Suppose -w = -2*m - 18. Determine d(m).
4
Let z(h) be the first derivative of -h**3/3 + 4*h**2 + 15*h + 770. Determine z(-3).
-18
Let x(i) = -566*i**2 + 10754*i - 3. Let j be x(19). Let b(n) = n - 3 + 5 + 2*n. Calculate b(j).
-7
Let i(w) = -w**2 + 7*w - 3. Suppose 8*z - 3815 = -3*f + 3*z, -2*z = -2*f + 2554. Let t be (f/(-35) - (-4)/(-7)) + 3. Let d = t - -37. Determine i(d).
9
Let k(d) = 2*d**3 - 6*d**2 - 86*d + 46. Let u be k(8). Let c(n) = 7*n**2 - 3*n. What is c(u)?
34
Let k(r) = 5*r + 27. Let t(m) = 10*m + 69. Let u(o) = 5*k(o) - 2*t(o). Calculate u(4).
17
Let m(c) = -1 + 0*c - 19*c - 4*c - 11*c - 30*c - 21*c**2. What is m(-3)?
2
Let m(b) = -b**2 - 18*b + 43. Suppose 5*c = -5*r - 30, 3*r = -6*r + 5*c + 72. What is m(r)?
-20
Let n(z) = z**2 + 8*z + 2. Let t(b) = b**3 + 28*b**2 + 25*b - 25. Let m be t(-27). Suppose 0 = -2*d - 5*f - m, 5*d + 21 + 20 = -2*f. Give n(d).
-5
Let o(k) be the first derivative of -k**4/12 - 3*k**3/2 + 23*k**2/2 - 119*k - 21. Let w(m) be the first derivative of o(m). Determine w(-11).
1
Let y(c) = -5*c + 3. Let p(i) = 3*i**2 - 14*i + 7. Let m be p(11). Let l = -213 + m. Calculate y(l).
-12
Let s(y) = 216 + 0*y - 175 + 6*y + 182. Give s(-42).
-29
Suppose -5*d = 2*l + 11, -d + 0*l = 3*l + 10. Let t(p) be the second derivative of 0 + 13*p + 1/3*p**3 + 0*p**2. What is t(d)?
-2
Let u be -1*((-2)/1)/(-2). Suppose -2*z = 4*x - 3032, 6*z - 3*z = -x + 4553. Let s(j) = -10*j**2 - 3036 + z - 2*j + 1517. Determine s(u).
-9
Let q(a) be the third derivative of 2 - a**2 + 1/4*a**4 - 1/2*a**3 + 0*a. Determine q(2).
9
Suppose r + 2*s - 182 = 0, -765 = -5*r + 4*s + 89. Let b(j) = 0*j**3 - r*j - 4 - j**3 + 351*j - 168*j + 5*j**2. What is b(6)?
14
Let u(i) = i**3 - 8*i**2 + 11*i + 13. Let o = -13970 + 13977. Give u(o).
41
Let z(l) be the second derivative of -4*l**2 - l + 1/6*l**3 - 23. Give z(4).
-4
Let o(s) = -2*s**2 + 7*s - 2. Let p be (-1 - 14/(-4))/(119/1666). Suppose 0 = 10*t + 5 - p. Calculate o(t).
1
Let t(s) = 13*s**3 + 2*s - 1. Suppose 0 = 882*o - 892*o + 10. What is t(o)?
14
Let x(z) = z**2 - 3*z - 121. Let c be x(-8). Let d be (-36)/(-99) + 144/c. Let q(p) = 3*p - 1. Give q(d).
-13
Suppose 5*v + 2*p + 11 = -12, 5*p - p = 4. Let y(g) be the third derivative of -g**6/120 - g**5/10 - 5*g**4/24 + 5*g**3/6 - g**2. Give y(v).
5
Let b(p) be the first derivative of -p**5/60 + 7*p**4/24 + 5*p**3/3 + 97*p**2/2 + 163. Let u(f) be the second derivative of b(f). Determine u(7).
10
Let x(o) = -2*o - 9. Let q(b) = 14*b + 15. Let v(u) = q(u) + 2*x(u). Give v(-6).
-63
Let j(x) = -x**3 + 4*x**2 + 4*x. Let a(u) = 252*u + 1264. Let q be a(-5). What is j(q)?
16
Suppose 46*b + 138 = 69*b. Let h(q) be the third derivative of q**4/24 - q**3/2 - 2*q**2. Give h(b).
3
Let i(k) = 7*k + 4*k**2 - 3*k - 1 + 1 + k**3 + 2. Suppose 3*c - 4 = -4*u, 0 = 44*u - 46*u + 4*c - 20. What is i(u)?
2
Let j(s) = s**2 - 3*s - 16. Suppose -5 = -5*g + 5*d, 407*d - 410*d = 5*g + 67. What is j(g)?
72
Let w(i) be the first derivative of 2*i**3/3 + 5*i**2 + 9*i + 2. Suppose -102*j - 198 = 414. Determine w(j).
21
Let r(l) = 2*l**2 - 4*l - 4. Let d(u) = -2*u**2 + 3*u + 3. Let o = 13 + -12. Let p be 6/o + -18 + 19. Let f(s) = p*d(s) + 6*r(s). What is f(-3)?
-12
Let o(c) = -24*c**2 - 51*c + 855. Let f be o(5). Let g(z) = -2*z**2 - 3*z + 29. Let r(k) = 3*k**2 + 5*k - 44. Let p(y) = -8*g(y) - 5*r(y). Give p(f).
-12
Let y(i) be the second derivative of 0*i**2 - 7/6*i**3 - 12*i + 0 - 1/120*i**5 - 1/8*i**4. Let w(v) be the second derivative of y(v). Calculate w(0).
-3
Let o(r) = 4*r**2 - 11*r - 3*r**2 + r**3 + 0*r**2 - 6*r**2. Let p(g) = g**3 - 3*g**2 - 10*g. Let n(v) = -4*o(v) + 5*p(v). Give n(-6).
0
Suppose 4*i - 8 = 4*p, -10 + 28 = 4*i - 2*p. Let b(l) = 879999 - 880007 - l**2 + 9*l + 2*l**2 - 2*l**2. Calculate b(i).
6
Let j = 214 + -218. Let v(w) be the second derivative of 9*w + 1/2*w**2 + 0 + 2/3*w**3 + 1/12*w**4. Give v(j).
1
Let a(d) be the third derivative of -d**7/2520 + d**5/40 + d**4/8 - 3*d**3 + 16*d**2 - 2. Let u(j) be the second derivative of a(j). Give u(-3).
-6
Let l(x) be the second derivative of 2*x**3/3 - 36*x**2 - 912*x. Determine l(20).
8
Let r(g) = 2*g - 1. Let w(d) = 16*d**3 - 5*d**2 + 9*d - 5. Let f be w(2). Suppose -4 = 119*h - f*h. Determine r(h).
3
Let z(m) = -2*m - 3. Let g = -12981 - -12980. What is z(g)?
-1
Let f = 11 - -5. Suppose 0 = -f*y - 2 - 14. Let c(x) = -8*x - 